n.
10
Suppose 47 = -y + 65. Suppose -y + 2 = -r. What is the highest common factor of r and 1?
1
Let b(n) = -n**3 + 11*n**2 - n + 13. Let d = 31 - 20. Let q be b(d). What is the highest common divisor of q and 12?
2
Let z = -1073 - -1087. What is the highest common factor of 518 and z?
14
Let t(u) = u**2 - 22*u - 34. Let v be t(26). Suppose 2*b - 4*h - v + 18 = 0, 5*b - 2*h = 122. What is the highest common divisor of 96 and b?
24
Suppose -5*b + 257 = 3*c + 5, 0 = -5*b + 4*c + 224. Calculate the highest common factor of b and 1296.
48
Let d(f) = 48*f + 1. Let x be d(1). Let w = 34 + -27. Calculate the highest common factor of w and x.
7
Suppose -4*u + 5*o + 16 = 0, 5*u - 3*o - 8 = 12. Let t be (7 - 1)/(u/30*3). Suppose -h + 495 = 2*h. What is the highest common divisor of h and t?
15
Let f(o) = -o + 1. Let r(u) = -2*u - 12. Let t be r(-8). Let j be f(t). Let q be 64/(-24)*j/2. What is the highest common factor of q and 1?
1
Let y = 1208 + -1096. Let p be 1*15 - (-3)/3. Calculate the greatest common divisor of p and y.
16
Let m(x) = -x**3 - 13*x**2 - 26*x - 14. Let w be m(-11). Calculate the greatest common factor of w and 70.
10
Suppose -42*r = 43*r - 11900. What is the greatest common factor of r and 875?
35
Suppose 9*m = -3*b + 6*m + 6618, -5*b + 3*m = -11022. What is the highest common factor of b and 294?
147
Let s = 8 - 4. Suppose k = s*k. Suppose -4*b - 2 + 10 = k. What is the highest common factor of 4 and b?
2
Suppose 55*y + 58 = 5*s + 54*y, 4*y + 4 = s. Calculate the greatest common factor of 978 and s.
6
Suppose -2*y + p = -12, -5*y + y + p = -28. What is the highest common divisor of 34 and y?
2
Suppose -4*g + 6*g - d - 325 = 0, -g + 3*d + 150 = 0. Calculate the highest common divisor of g and 30.
15
Let m be (-3)/(3/(-32))*(-4)/(-2). Let v(t) = -t**2 + 15*t - 2. Let o be v(10). What is the highest common divisor of m and o?
16
Let a be (30*-1)/(-2) - 1. Let s = -566 + 636. Calculate the highest common divisor of a and s.
14
Suppose 163*l - 156*l = 1323. Calculate the highest common divisor of l and 315.
63
Suppose 3*q - 2*s = s + 90, 0 = -4*s + 8. Let l(x) = 2*x - 8. Let h be 4/(-6) + 52/6. Let w be l(h). What is the greatest common factor of w and q?
8
Suppose t + 5 = 0, -3 = -z + 2*t + 17. Calculate the highest common factor of 50 and z.
10
Let i = -744 + 764. Let x(p) = p**2 + 5. Let a be x(0). Suppose s = y - 11, a*s - 6*s - 1 = 0. What is the greatest common factor of i and y?
10
Suppose 5*x - 3*l - 70 = 0, -x + 4*x - 76 = -5*l. Let i be (0 - 1) + (24 - -28). Calculate the highest common divisor of i and x.
17
Suppose -49*g = -44*g - 230. What is the highest common factor of g and 92?
46
Let s = -57 + 97. Suppose -s*h = -35*h - 100. What is the greatest common factor of 180 and h?
20
Let w = 10 - 16. Let o = 242 - -28. Let n be (22/(-6))/(w/o). Calculate the highest common factor of 15 and n.
15
Let z be -11 + -3 + 0 + 3. Let s = -7 - z. Let n be 7*((-32)/(-28) + 4). What is the highest common divisor of s and n?
4
Let h = 41 + -37. Calculate the greatest common factor of 3 and h.
1
Let r = -7 + 9. Let x be 1*(2 - (-3 + r)). Suppose -2*k - 16 = 2*k, -8 = 2*p + 5*k. Calculate the greatest common divisor of p and x.
3
Let o(k) = k**3 - 6*k**2 + 10*k + 9. Let j be o(5). What is the greatest common divisor of 136 and j?
34
Suppose -x + 2 = -2. What is the highest common factor of x and 64?
4
Suppose -n = -n + n. Let t be 2 + -72*(n - 4/6). What is the highest common divisor of t and 10?
10
Suppose 3553 = 15*h + 2*h. What is the highest common divisor of h and 114?
19
Let b = 23 + -13. Suppose 1400 = 40*q - 26*q. What is the greatest common divisor of q and b?
10
Suppose -t = -5*t. Suppose 0*u + 21 = 7*u. Suppose 5*s - 20 = 0, 2*s + t*s = -u*x + 92. What is the greatest common divisor of 14 and x?
14
Let h(t) = 9*t**2 + 20*t - 4. Let r be h(10). What is the highest common factor of r and 137?
137
Let i be -4 + -3 + 4 + 6. Suppose -97 = -5*l + 3*b, 2*l = -2*l + i*b + 77. What is the highest common divisor of l and 50?
10
Suppose -73 + 1 = 4*k. Let u be 1 + -3 - (-3 + k). Suppose r - u - 23 = 0. Calculate the highest common factor of r and 14.
14
Let k be 1*(-16)/24*6*-88. What is the highest common divisor of 264 and k?
88
Suppose 10*w = -3*w + 6097. What is the highest common divisor of 14 and w?
7
Let m = 123 - 120. Suppose -4*i + m*i + 2*s + 122 = 0, 2*s = -2. What is the highest common divisor of i and 15?
15
Let c(z) = -7*z - 21. Let v(b) = 14*b + 43. Let p(g) = -7*c(g) - 4*v(g). Let s be p(-7). Calculate the greatest common divisor of 3 and s.
3
Let f be (-17 + 11)/((-6)/(-8)). Let a be (-164)/(-7) - f/14. What is the greatest common factor of 24 and a?
24
Suppose -3*h + 1376 = -2*p, -26 = 4*h - p - 1854. Calculate the highest common divisor of 72 and h.
24
Suppose 4*h + 2*q = 70, -q = -0*h - h + 16. Suppose -h*a = -1826 + 194. Calculate the highest common divisor of a and 12.
12
Let j(u) = 7*u**2 + 74*u + 117. Let y be j(-9). Let t be 4/2 - (-5)/(-5). Calculate the greatest common factor of y and t.
1
Suppose -3*n + 10 = 13. Let i be 1/n*(-2 + -30). Suppose i = 7*k - 115. What is the highest common factor of 3 and k?
3
Suppose -4*i + 762 = -3*t, 3*i - 5*t - 955 = -2*i. Calculate the highest common divisor of 21 and i.
21
Let w(g) = -g - 4 + g + 6*g + 0*g. Let x be w(6). Suppose -4*v = 4*o - x, 2*o + 40 = 7*o - 5*v. Calculate the highest common factor of 8 and o.
8
Suppose -i + 686 = 3*o, 0 = 3*o - 4*i + i - 678. Calculate the highest common factor of o and 12.
12
Suppose 5*l - 27 = 13. Suppose 0*s - 2*s + l = 0. Suppose 0 = 3*f + j - 20, -s*j + 7*j = -4*f + 30. What is the highest common factor of 66 and f?
6
Let w(u) = -20*u - 50. Let n be w(-7). Calculate the greatest common divisor of n and 40.
10
Let v be 5/(29/7 + -4). Let q = 39 - v. Suppose 0 = q*o + 5 - 77. What is the highest common factor of o and 162?
18
Let t be (0/(-1) - -1)*(-168)/(-12). Calculate the highest common factor of 14 and t.
14
Let i be 2/(-2 + -10) + (-254)/(-12). Let d = 19 + -17. Suppose -d = 4*v - 14. Calculate the greatest common divisor of i and v.
3
Let j(n) be the third derivative of n**4/24 + 5*n**3/3 + 4*n**2. Let a be j(-7). Suppose 4*t = a + 13. What is the greatest common factor of t and 32?
4
Let y be (-2)/(8/204) - 1. Let g be ((-6)/4)/(13/y). What is the highest common divisor of 54 and g?
6
Let d(x) be the second derivative of x**5/20 - 13*x**4/12 + x**3/2 - 2*x**2 - 15*x. Let m be d(13). What is the greatest common divisor of m and 7?
7
Suppose 3*t + 0*t - 9 = 0, -544 = 5*z + 2*t. Let f be (-44)/z - 8/(-5). What is the highest common divisor of 6 and f?
2
Let u = 34 - 27. Let a be (-3)/(9/2)*-39. Suppose 3*t = -4*q + a, 5*t - 4*q = q + 90. Calculate the highest common divisor of t and u.
7
Suppose -2*j = -5*u - 3357, 5*j + 15*u - 8404 = 16*u. What is the highest common factor of j and 41?
41
Suppose -9 = -3*i - 2*l, 2*i - 6 = -0*i + 3*l. Suppose 74 = g + 2*h, -2*h - i*h = -g + 39. What is the highest common factor of 8 and g?
8
Let j(h) = h**3 + 10*h**2 + 11*h + 16. Let m be ((0 + -1)/2)/((-3)/(-48)). Let u be j(m). What is the greatest common factor of 7 and u?
7
Let s be 2175/(-30)*4/(-10). Let i be 1/(-3 - 88/(-29)). What is the greatest common divisor of s and i?
29
Suppose 27*d - 9 = 30*d. Let y be -1 + 3 - -5 - d. Calculate the greatest common divisor of 50 and y.
10
Suppose -y - 12 = -5*s, -y = -2*y - 3*s - 4. Let z = 10 - y. What is the highest common factor of 85 and z?
17
Let l = 9 - -25. Suppose 2*z = l + 24. What is the greatest common factor of 145 and z?
29
Let j be ((-663)/(-26))/(3/4). What is the greatest common divisor of j and 306?
34
Let f = 3 - 3. Let w be -1 - 48/(-3 - f). Suppose -8*a + 4*a + 665 = 5*k, -5*a = k - 826. What is the highest common factor of a and w?
15
Let l = 737 + -471. Calculate the greatest common factor of 38 and l.
38
Let b(f) = 52*f - 29. Let h be b(5). Let v(x) = 3*x**3 + x**2 + x + 3. Let k be v(2). What is the greatest common divisor of h and k?
33
Let c be ((-6)/(-4))/((-42)/(-728)). Let l = c + -20. Calculate the greatest common divisor of l and 9.
3
Let d(y) = 13*y**3 - y. Let l = -9 + 11. Let c be d(l). What is the greatest common factor of c and 34?
34
Let s be (-3)/2 + (-90)/